Let v = 109 - j. What is the remainder when h(-2) is divided by v?
11
Suppose -5*o + 116 = 3*v, 0 = -2*v + 4*v + 5*o - 84. Let x = v + -18. Suppose 0 = c - 28 - x. What is the remainder when c is divided by 22?
20
Suppose 179 = 13*c + 10. Suppose 0 = 3*a - 15, r + 0*a + 5*a - 50 = 0. What is the remainder when r is divided by c?
12
Calculate the remainder when ((-1491)/14)/((-12)/8) is divided by 42.
29
Let j = 38 - 20. Let u = 47 - j. What is the remainder when u is divided by 15?
14
Suppose -1700 = 4*c - 9*c. Suppose 3*f - 6*f - 4*s = -c, 2*f = 3*s + 255. Let t = f - 86. Calculate the remainder when t is divided by 12.
10
Let f(n) = 5*n - 8. Suppose -2*g - 8*g + 220 = 0. What is the remainder when g is divided by f(4)?
10
Suppose -t = 4*t + 20, 2*b + 48 = t. Let g = b + 43. Suppose -10*r + 9*r = -g. What is the remainder when 50 is divided by r?
16
Calculate the remainder when (-3387)/(-12) + (105/28 - 3) is divided by 140.
3
Let t = -67 + 171. What is the remainder when t is divided by 27?
23
Suppose 537 = -14*h + 1755. Calculate the remainder when h is divided by 19.
11
Suppose 10*p - 167 = 183. What is the remainder when 277 is divided by p?
32
Let l = 146 + -112. What is the remainder when 45 is divided by l?
11
Let c(s) = 19*s**2 - 5*s + 2. Let b(n) = 28*n**2 - 8*n + 3. Let u(v) = -5*b(v) + 8*c(v). What is the remainder when u(-1) is divided by 7?
6
Suppose -38 = 2*r + 22. What is the remainder when 103 is divided by (3*4/6)/((-4)/r)?
13
Suppose -558*p - 280 = -560*p. Calculate the remainder when p is divided by 11.
8
Suppose -6*i = -1429 - 2627. Calculate the remainder when i is divided by 113.
111
Suppose -5*b + 6*b - 6 = 0. Suppose v - 3*i - 14 = 0, -135 = -6*v + v + 2*i. Calculate the remainder when v is divided by 47/6 - (-1)/b.
5
Let w = -200 + 693. Calculate the remainder when w is divided by 31.
28
Calculate the remainder when 313 is divided by (12 + 0)*(-126)/(-24).
61
Let u = 101 + -99. Suppose 5*q + 3*h - 111 = 0, q = 4*q - u*h - 59. Calculate the remainder when 124 is divided by q.
19
Suppose -5*w + 511 = -4*n, n = -3*n + 4. Calculate the remainder when w is divided by 31.
10
What is the remainder when 547 is divided by 954/12 - (-1 + 9/6)?
73
Let i = -449 + 488. Let l(c) = c**3 - 4*c**2 - 5*c + 7. What is the remainder when i is divided by l(5)?
4
Suppose 89 = 3*s - 19. Let b be (-1 - -2) + 18/(-9). Calculate the remainder when s is divided by -1*(-17 - b) + -3.
10
Let d(g) = -40*g - 2. Let z(m) = 47*m + 1. Let t(i) = 7*d(i) + 6*z(i). Suppose -4*b = -8 - 40. What is the remainder when t(b) is divided by 5?
1
Let d = -28 - -56. Suppose -24*q = -d*q + 164. What is the remainder when 121 is divided by q?
39
Let b be ((-6)/(-4))/((-6)/(-40)). Let t = b - -2. Calculate the remainder when 47 is divided by t.
11
Let p(s) = 3*s**2 + 12*s + 13. Calculate the remainder when 102 is divided by p(-5).
18
Suppose -193*p = -186*p - 126. Let r(s) = -s + 1. Let q(j) = -2*j. Let y(k) = q(k) - r(k). Calculate the remainder when p is divided by y(-5).
2
Calculate the remainder when 7 is divided by (1/1)/((-2)/(-7 + 1)).
1
Suppose -3*n + 204 = 2*m, -3*m + 271 = 5*n - 36. Calculate the remainder when m is divided by -2*(-2 + -13) - 4.
21
Let u be 190/(-15) - (-2)/3. Let o = 105 + u. Calculate the remainder when o is divided by 24.
21
Let z = 3 + 2. Suppose -1 = 2*p + 3*o, -o = -z*p + o + 45. Let r(k) = 10*k - 4. Calculate the remainder when r(p) is divided by 17.
15
Suppose 75*p - 110*p + 2240 = 0. Calculate the remainder when 1342 is divided by p.
62
Let y = 170 - 46. Calculate the remainder when y is divided by 14.
12
Suppose 0 = -2*g + m + 3 - 4, 3*g = -4*m + 26. Suppose p + 2*f - 173 = -g*p, -225 = -4*p + 3*f. Calculate the remainder when p is divided by 30.
27
Calculate the remainder when 2*(-3)/(-27) - 1662/(-54) is divided by 18.
13
Let b(l) = -2*l**2 - 123*l - 110. Calculate the remainder when 185 is divided by b(-60).
45
Let z = 28 - 20. Suppose 5*h - 28 = -z, 2*h = -5*r + 48. What is the remainder when 20 is divided by r?
4
Suppose 222*d + 60 = 226*d. Let w(r) = -5*r**3 - 3*r**2 + 1. Calculate the remainder when w(-2) is divided by d.
14
Suppose -12*p + g = -16*p + 277, -3*g + 61 = p. Calculate the remainder when 556 is divided by p.
66
Suppose -4*q + q = 2*n - 60, q = -4*n + 30. Let x = -6 + q. Suppose -21 = -3*h + 3*l - l, 5*h - l - 35 = 0. Calculate the remainder when x is divided by h.
5
Let d be (12/27)/(2/9). What is the remainder when ((-10)/d)/(7/(-49)) is divided by 19?
16
Suppose -4*q + 365 = 257. Let m = q - -155. Calculate the remainder when m is divided by 23.
21
Suppose 0 = -10*i - 168 + 458. Let u be (2*7 - -1) + 2. Suppose 1 = -2*b + u. Calculate the remainder when i is divided by b.
5
Suppose 3*k - 29 = -5*m, -12*k = -7*k + 4*m - 31. Suppose k*t - 480 = -9*t. Calculate the remainder when t is divided by 7.
5
Let m(c) = -c**3 - 17*c**2 - 16*c + 14. Let n be m(-16). Let i be ((-20)/(-6))/(n/(-189)). Calculate the remainder when 59 is divided by (-2 + 3)*i/(-3).
14
Let h be 232/(-2 + 6) + 3. Let v = h - 35. Let m = -20 + 29. Calculate the remainder when v is divided by m.
8
Let v(t) = 5*t**2 - 43*t + 7. What is the remainder when v(13) is divided by 11?
7
Let o(w) = -2*w**2 - 8*w - 6. Let s be o(-4). Calculate the remainder when 18 is divided by (-6 - -1)*(s/(-15) + -1).
0
Let z be -3 + 4 + -2 + 1. What is the remainder when 41 is divided by z - (15/10)/((-3)/44)?
19
Suppose -2*f + 105 = -2*m - 223, 5*m - 10 = 0. Calculate the remainder when f is divided by 56.
54
Suppose -2*p - 142 = -3*c, -30 + 218 = 4*c - 3*p. Let k(s) = 4*s**2 - 8*s - 4. Let r be k(7). Calculate the remainder when c is divided by ((-1)/2)/((-4)/r).
16
Let x(y) = -5*y**2 + 2*y - 10. Let n(o) = -6*o**2 + 3*o - 9. Let k(i) = 4*n(i) - 5*x(i). What is the remainder when k(-10) is divided by 16?
14
Let s = 145 + -140. Suppose 2*u = 49 + s. What is the remainder when u is divided by 4?
3
Let j(x) = 23*x + 2. Let o be (-1 + -1)/((-6)/9). Calculate the remainder when j(o) is divided by 9.
8
Let i(x) = 15*x**2 - x + 2. Suppose 18*v = 292461 - 292209. Calculate the remainder when i(-2) is divided by v.
8
Let v = 2 + 51. What is the remainder when 156 is divided by v?
50
Suppose 2*x = -3*o + 585, -3*x - x + 2*o + 1130 = 0. What is the remainder when x is divided by 9?
6
Suppose 3*i - i - 66 = 0. Let v = i + -23. Calculate the remainder when 67 is divided by v.
7
Let i = -144 + 249. Suppose 40*r - 1541 = -101. What is the remainder when i is divided by r?
33
Let y(g) = -g**3 - 7 - 6*g + g**3 - g**3 + 8*g**2. Calculate the remainder when y(6) is divided by 15.
14
Let l(b) = 3*b**2 - 8. Suppose c + 18 - 21 = 0. What is the remainder when 129 is divided by l(c)?
15
Let v be 20/15*3/2. Let b = 92 - 61. What is the remainder when b is divided by (-1 + v + 0)*17?
14
Calculate the remainder when -7 + (-567)/(-14) - (-1)/(-2) is divided by 28.
5
Let p be 2/(-6) + 32/6. Let q be (0/(-1))/(2 - 6/2). Suppose -c + 4*c + 3*n = 255, -p*n + 5 = q. What is the remainder when c is divided by 29?
26
Let x be 4*(-3)/(-6) + -4. Let t(k) = 21*k**2 + 4*k + 2. Calculate the remainder when t(x) is divided by 8.
6
Suppose 91*i - 7298 = 2*i. Calculate the remainder when 319 is divided by i.
73
Let t(c) = c**3 - 15*c**2 - 15*c - 10. Let d be t(16). Calculate the remainder when (-1)/(-2)*26/3*d is divided by 8 + -1*(-1)/(-1).
5
Let c = 30 + -35. What is the remainder when 21 is divided by 2 + c/((-20)/24)?
5
Let r be (5 + 1)/(76/28 + -3). Calculate the remainder when (-8)/(-4) - r - 2 is divided by (-5 + 27)/(2/1).
10
Let r(m) = -m**2 - 7*m + 5. Let q be r(7). Let a = -68 - q. Calculate the remainder when 98 is divided by a.
23
Suppose t - 18 = -14*v + 9*v, -3*v = 3*t - 66. What is the remainder when 83 is divided by t?
14
Let l = 19 - 15. Suppose -4*u - 20 = -20. Suppose 23 = -r + l*r - s, u = 3*r + 2*s - 26. What is the remainder when 12 is divided by r?
4
Suppose 3*n - 920 = -2*n. Suppose -4*h + n = -24. Suppose 4*q = 2*m - h, -3*q = 4*m - 69 + 9. Calculate the remainder when m is divided by 5.
3
Suppose -2*f = 4, -4 = -0*j - 2*j - 4*f. Suppose 0 = -j*p + 392 - 122. Calculate the remainder when p is divided by 16.
13
Let v = 39 - 39. Suppose v = -3*k + 67 - 34. Let u = 1 - -19. Calcu